*i - 3*a + 26 = -2*a. Let z(q) = -3 - i*q - 5 + 0*q. Let h be z(-4). Calculate the highest common divisor of h and 8.
4
Let u(b) = -b**3 + 12*b**2 - 3*b + 1. Let j be u(12). Let o = j + 58. Let m = 11 + o. Calculate the highest common divisor of 85 and m.
17
Let n(o) = 2*o**2 - 4*o. Let f be n(-4). Let r(l) = -l**2 + 13*l + 14. Let c be r(13). Let y = c - 2. What is the highest common factor of f and y?
12
Suppose 0 = b + 3*b. Suppose b = -3*s - r + 81, 4*s - 76 = -r + 33. Calculate the highest common divisor of s and 70.
14
Suppose 0*a = -5*a + 1600. Let m(q) = 24*q - 304. Let n be m(14). Calculate the greatest common factor of a and n.
32
Suppose 16*i - 13*i - 9 = 0. What is the highest common factor of i and 813?
3
Let a = -899 - -921. What is the greatest common divisor of a and 682?
22
Suppose -4*a = -130 - 34. Suppose 0 = -3*m + a + 40. Calculate the greatest common divisor of m and 54.
27
Let p = 1881 - 747. What is the greatest common factor of 27 and p?
27
Suppose -b = 16 - 1. Let c be (1 + -5)/(1/b). Calculate the highest common factor of 20 and c.
20
Let u = -6 + 45. Suppose 8*n - 10 = 3*n. Suppose 7*k - 130 = n*k. Calculate the highest common factor of k and u.
13
Let m = -15 + 17. Suppose -168 = -c - m*c. Calculate the greatest common factor of 7 and c.
7
Let n be (-252)/(-20) + (-6)/10. What is the highest common factor of n and 852?
12
Let q(p) be the second derivative of -3*p**5/20 - 13*p**4/12 + 3*p**3/2 + 7*p**2/2 - p - 26. Let h be q(-7). What is the greatest common divisor of h and 42?
42
Suppose 2*f = -0*f + 20. Let y be 4/(-24) + 62/12. What is the greatest common divisor of f and y?
5
Let j(x) = x**2 + 5*x - 3. Let s be j(-6). Let w be 532/s - (-12)/(-9). Suppose -3*d = -w - 184. What is the highest common divisor of 24 and d?
24
Suppose 7254*c + 10 = 7255*c. Let q be (55/3)/1*6. What is the highest common divisor of c and q?
10
Suppose -40*o + 1159 = -601. Calculate the highest common factor of o and 16.
4
Suppose -4*y = -19 - 101. Let n = y + 15. What is the highest common factor of n and 9?
9
Suppose -4*r + 2*r + 16 = -h, -3*r + 5*h + 17 = 0. Let p(d) = d**2 - 7*d - 13. Let u be p(r). What is the highest common divisor of 25 and u?
5
Suppose 12*z - 687 = 33. Let k(x) = 4*x - 8. Let u be k(7). Calculate the highest common factor of z and u.
20
Let n = -265 - -397. Let f be (-11 + 1 - 0)/(-2). Suppose -51 - 9 = -f*r. Calculate the greatest common factor of n and r.
12
Suppose 0 = 260*m - 256*m - 6984. What is the greatest common factor of m and 18?
18
Let g(c) = 5*c**2 + 58*c + 237. Let i be g(-5). What is the highest common divisor of i and 40?
8
Let y = -1178 - -1331. What is the greatest common divisor of y and 34?
17
Let l = 23 + -20. Let w be (1 + 21)*l/6. Calculate the greatest common divisor of w and 11.
11
Suppose 166 - 6 = 2*m. Let f = 63 + -53. Calculate the greatest common divisor of m and f.
10
Suppose 0 = f - u - 542, -47*f + 42*f = 5*u - 2730. Calculate the greatest common factor of 51 and f.
17
Let l(q) = q**2 - 2*q + 4. Let m be l(-3). Suppose -35*d + 33*d - 2 = 0. Let t be (-320)/(d + -3) + -4. Calculate the greatest common divisor of m and t.
19
Let b(n) = 55*n**3 + 0*n**2 + 0*n**2 - 54*n**3 + 8*n**2 + 11. Let r be b(-8). Calculate the greatest common divisor of 11 and r.
11
Let x(y) = -y**2 + 39*y - 21. Let r be x(25). Calculate the greatest common divisor of r and 47.
47
Let l = 121 + 119. What is the highest common divisor of l and 15?
15
Let p = -54 + 82. Let j = 8 + -6. Let a be 10*(j - 8/5). What is the greatest common factor of a and p?
4
Let d = 37 + -7. Let j be (-5)/((-2)/5 - 1/10). What is the greatest common factor of d and j?
10
Suppose 5*q + 3*u = 928, -q + u = -4*u - 180. Calculate the highest common divisor of 37 and q.
37
Suppose 3*q - 15 = 6*q. Let x = q - -12. Suppose -5*u = v + x, -7*v + 2*v + 2*u = -100. What is the highest common divisor of v and 162?
18
Let o(h) = -h**3 - 10*h**2 - 9*h + 9. Let b be o(-9). Let a = 148 - 49. Calculate the highest common factor of b and a.
9
Suppose 0 = -2*t + 2*a + 18, 6*t - 7*t + 21 = -5*a. Calculate the greatest common factor of 444 and t.
6
Suppose 0 = -2*s - 303 + 327. What is the greatest common divisor of 54 and s?
6
Let x = -789 + 809. Calculate the greatest common divisor of 200 and x.
20
Suppose 106*q = 108*q - 146. Calculate the highest common factor of q and 876.
73
Let k be -2*(4 - (-39)/(-6)). Let u(v) = -v**3 + 5*v**2 + 7*v - 3. Let c be u(k). What is the highest common factor of c and 352?
32
Suppose -7*b + 7 = -2*u - 2*b, u - 3*b + 5 = 0. Calculate the greatest common divisor of u and 52.
4
Let h = -250 - -340. What is the greatest common factor of 20 and h?
10
Let j(x) = 4*x**3 + x**2 + 2*x - 3. Let k be j(3). Suppose 3*t + 2*t = k. Calculate the greatest common factor of 72 and t.
24
Let l(v) = v + 19. Let y be l(-14). Let d = 19 + y. Calculate the highest common divisor of 12 and d.
12
Let r(b) = -b**3 - 12*b**2 - 22*b - 14. Let n be r(-9). Let c = n - -81. Calculate the highest common divisor of 242 and c.
22
Suppose 0 = -7*i + 6*i + 24. Let s be 13 + (-4 - -16)/4. Calculate the highest common divisor of i and s.
8
Suppose 7*u - 11*u = -56. Suppose -17*d - u = -19*d. What is the greatest common factor of 1 and d?
1
Let i be (0 + 36/(-10))/((-14)/(-35)). Let j = 33 + i. Calculate the highest common factor of 60 and j.
12
Suppose 0 = 4*r + 5*n - 236, -2*n = -4*r + 183 + 25. What is the highest common factor of r and 72?
18
Suppose -5*m + 215 = 2*y, -5*y + 220 = 5*m - 4*y. Let b be m/51 + -1 + 1330/34. What is the highest common divisor of b and 429?
39
Let n(c) = c**3 + 7*c**2 - c - 2. Let w be n(-5). Suppose 4*v - 95 = w. Let y be v/1 - (-4 - -2). Calculate the highest common factor of y and 26.
13
Let u be (12 - 4)/1*(-91)/(-14). Calculate the greatest common divisor of u and 234.
26
Let v(z) be the first derivative of -z**2/2 + 7*z + 1. Let i be v(3). Suppose 2*s - 1 = -2*g + 1, -i*s = 5*g. What is the greatest common factor of s and 5?
5
Let k(r) = -21*r + 126. Let a be k(5). Calculate the highest common divisor of a and 168.
21
Suppose -5*u + 8 = -u. Let x be 765/10*u*1. Let d = 165 + -148. Calculate the greatest common factor of x and d.
17
Suppose -4*z = -5*t + t - 68, 4*t = 3*z - 52. Suppose -2*q = 4*h - 194, -147 = -3*h - q - 2*q. What is the greatest common divisor of z and h?
16
Let x = -4 + 14. Let w = 7 + 33. What is the highest common divisor of x and w?
10
Let s = 164 + -64. Suppose -161 = -3*j + 3*b - 50, 5*j + 4*b - 212 = 0. Calculate the highest common factor of s and j.
20
Suppose -5*v - p = -636 - 102, 0 = 3*v + 3*p - 438. What is the greatest common divisor of v and 1406?
74
Suppose 10 = 5*f + z, -3*z - 4 - 23 = -4*f. Let p be 1460/15 + (-2)/f*-1. What is the greatest common factor of 147 and p?
49
Suppose 4*a - 248 = -5*h - 83, -10 = -2*h. Calculate the greatest common divisor of a and 5.
5
Suppose -3*n + 3*l - 9 = -n, 0 = 3*n + 4*l - 12. Suppose 0 = -b + d, n*b - 4*d + 21 = 3*b. Calculate the highest common factor of b and 9.
3
Suppose 2*p + 3*h = -36 + 5, -4*h = 4*p + 68. Let v(f) = f**3 + 21*f**2 + 21*f + 29. Let b be v(p). Calculate the greatest common divisor of b and 99.
9
Suppose -153*m + 160*m - 770 = 0. Calculate the greatest common divisor of 200 and m.
10
Suppose 7*k = -2*f + 2*k + 30, -2 = -f + 4*k. Let h = 28 + 12. Calculate the greatest common factor of h and f.
10
Let z be (55/(-10) + 3)/((-2)/(-4)). Let s = 5 - z. What is the highest common factor of 10 and s?
10
Let h be 4/(-18) + (-3178)/(-126). What is the highest common divisor of 1925 and h?
25
Let j(c) = -17*c**3 - c**2. Let s be j(-1). Suppose 63*x - 240 = 60*x. What is the highest common factor of s and x?
16
Suppose -4*w + 5*l = -0*l - 504, 3*w = 2*l + 371. Suppose x - 124 - w = 0. Calculate the highest common divisor of 35 and x.
35
Suppose -80 = -4*u + 2*r, -24*r = 2*u - 23*r - 32. What is the greatest common factor of 6 and u?
6
Suppose 0 = 17*o - 3052 + 196. Calculate the highest common factor of o and 7.
7
Let k(o) = 7*o - 82. Let y be k(25). Let x = -73 + y. What is the highest common factor of x and 140?
20
Suppose 0 = 2*f - 3*u + 9, -4*f = -5*u + 10 + 13. Let q be (-212)/6*2/(16/f). What is the greatest common factor of 